False
Is 7758984187 prime?
True
Is 2131314897 a composite number?
True
Is 1765030063 prime?
False
Is 12095485043 a composite number?
False
Is 16671272197 prime?
True
Is 108360969811 a composite number?
True
Is 13914932611 prime?
True
Is 234114613 a prime number?
True
Is 2317087307 a prime number?
True
Is 1099306031 a composite number?
True
Is 4474502381 a composite number?
False
Is 134506373 prime?
True
Is 13566125779 a composite number?
True
Is 54076127299 prime?
True
Is 6334910381 a composite number?
True
Is 3083193823 a prime number?
False
Is 3189703067 a prime number?
False
Is 4538889073 a prime number?
True
Is 249109499 a composite number?
True
Is 62842271911 a composite number?
False
Is 362952577 prime?
False
Is 327800663 a prime number?
True
Is 7669711609 prime?
False
Is 815381159 a prime number?
True
Is 972547307 a composite number?
False
Is 434315899 a composite number?
False
Is 122176013 composite?
False
Is 89632879883 prime?
False
Is 3776390297 prime?
True
Is 118661200523 a composite number?
True
Is 8039474057 composite?
False
Is 36977305737 prime?
False
Is 3391212431 composite?
False
Is 254818313 prime?
False
Is 126075491 prime?
True
Is 1107730627 a composite number?
True
Is 5558889601 a composite number?
False
Is 10353463277 prime?
True
Is 597072293 composite?
True
Is 8159490827 composite?
False
Is 17486282159 a composite number?
False
Is 167257553 prime?
True
Is 17791383113 prime?
False
Is 10142399591 composite?
True
Is 10873561 a prime number?
True
Is 79460279 a composite number?
True
Is 1876876283 prime?
False
Is 7357669791 composite?
True
Is 6332123047 composite?
True
Is 7636028783 composite?
True
Is 48502817213 composite?
True
Is 565951231 a prime number?
True
Is 252552140279 a composite number?
False
Is 16158730493 a prime number?
True
Is 10137273677 a composite number?
False
Is 41007623 prime?
False
Is 784002707 a prime number?
True
Is 1531785923 composite?
False
Is 2913616553 prime?
False
Is 583640297 composite?
False
Is 40448339 a prime number?
True
Is 190102372301 a composite number?
False
Is 166855163 a composite number?
True
Is 73932253 a prime number?
False
Is 4327079321 a composite number?
False
Is 5888541457 composite?
False
Is 749235671 composite?
False
Is 6529988119 a prime number?
False
Is 1210213423 prime?
True
Is 5055605849 prime?
False
Is 4894705357 a composite number?
False
Is 4136462177 prime?
True
Is 92814223 a prime number?
False
Is 57367874309 a prime number?
True
Is 3474870563 a prime number?
True
Is 48416256107 prime?
True
Is 9029177 a prime number?
False
Is 1669427299 a composite number?
True
Is 5345561563 prime?
False
Is 1678328963 prime?
True
Is 1917421171 composite?
False
Is 698691181 composite?
False
Is 184760541655 a prime number?
False
Is 9212581369 a composite number?
False
Is 7840438727 a composite number?
True
Is 5913822727 prime?
False
Is 30534852893 prime?
True
Is 14998756099 a prime number?
True
Is 92717081 a composite number?
True
Is 643409434 prime?
False
Is 1066795583 prime?
False
Is 40304709622 a prime number?
False
Is 36970288571 prime?
True
Is 16623430907 a prime number?
True
Is 11518515433 a composite number?
True
Is 294447899 prime?
False
Is 1607451257 a prime number?
False
Is 14710658119 composite?
False
Is 6288859013 a prime number?
False
Is 13073190209 prime?
False
Is 6748583353 a composite number?
False
Is 4500996047 a prime number?
True
Is 706381967 a prime number?
True
Is 3956831747 prime?
False
Is 5577166873 prime?
True
Is 34942578761 a composite number?
True
Is 4694160431 composite?
True
Is 66146815909 a composite number?
True
Is 261844887 a composite number?
True
Is 291259469 composite?
True
Is 38860105523 prime?
True
Is 35815394807 composite?
True
Is 9536024662 prime?
False
Is 810379633 prime?
False
Is 520215013 a prime number?
False
Is 709743677 a composite number?
True
Is 4345286863 composite?
True
Is 127099397 prime?
True
Is 10983833255 composite?
True
Is 16456077889 a composite number?
False
Is 1598793479 prime?
False
Is 29405687309 a prime number?
False
Is 594660359 a prime number?
True
Is 705773969 a composite number?
False
Is 667233793 prime?
False
Is 145098348707 composite?
True
Is 14818755719 a composite number?
False
Is 2998116881 a prime number?
True
Is 16729495217 a composite number?
False
Is 50230834207 a composite number?
False
Is 11203287581 a prime number?
True
Is 713289809 a prime number?
True
Is 155539217 a prime number?
False
Is 85902570967 composite?
False
Is 137397479 composite?
True
Is 14306740433 a prime number?
False
Is 69850877197 a composite number?
False
Is 1097886157 composite?
False
Is 183373679441 a prime number?
True
Is 3649862441 a composite number?
False
Is 5312536297 a prime number?
False
Is 12039141853 a prime number?
True
Is 221754761 composite?
False
Is 4348284119 composite?
False
Is 736664153 prime?
True
Is 36049241881 composite?
False
Is 12855422365 a composite number?
True
Is 37107688873 a prime number?
True
Is 1023297029 prime?
True
Is 43060263 composite?
True
Is 17631669599 a prime number?
True
Is 17751033934 prime?
False
Is 2643567247 a composite number?
False
Is 3823067 a prime number?
True
Is 2130047927 a composite number?
True
Is 2536352139 composite?
True
Is 4581282803 prime?
True
Is 195908939 composite?
False
Is 9570689567 a composite number?
False
Is 317906569 a composite number?
True
Is 331653771431 a prime number?
True
Is 43143810673 a composite number?
False
Is 70627607 composite?
True
Is 1212908807 a composite number?
True
Is 5598180827 composite?
True
Is 3699668257 prime?
True
Is 695979483 a prime number?
False
Is 1154186093 prime?
False
Is 26361576617 a composite number?
True
Is 1785472331 a composite number?
True
Is 155434337 composite?
False
Is 16974980206 a composite number?
True
Is 1194397351 a composite number?
True
Is 16980679 a composite number?
False
Is 712381997 a prime number?
True
Is 799971178 a composite number?
True
Is 2729132867 a prime number?
True
Is 7576491869 a composite number?
False
Is 1918238753 a prime number?
False
Is 132051373 composite?
False
Is 109024554403 composite?
False
Is 18603646813 a composite number?
True
Is 217538843 a composite number?
False
Is 41576860587 composite?
True
Is 23681018611 a composite number?
False
Is 124224073 a composite number?
False
Is 136349903 a prime number?
True
Is 18999279527 a prime number?
False
Is 61030343411 a composite number?
False
Is 7722006557 a prime number?
True
Is 54142406839 prime?
True
Is 6054831941 a prime number?
True
Is 12761418893 a composite number?
True
Is 31759736053 a composite number?
True
Is 2279206058 composite?
True
Is 29717660569 a composite number?
True
Is 119110181 a composite number?
False
Is 1695081805 a composite number?
True
Is 711102761 prime?
True
Is 11808751841 a prime number?
True
Is 816061678 a prime number?
False
Is 335704697 a composite number?
False
Is 984181489 a prime number?
True
Is 5524452347 prime?
True
Is 1069112171 a prime number?
False
Is 727897441 a composite number?
False
Is 33870423229 a prime number?
False
Is 1889391563 a composite number?
False
Is 3060788141 prime?
False
Is 11337602459 composite?
True
Is 86779221779 a prime number?
True
Is 7115701487 prime?
False
Is 85445643509 a composite number?
True
Is 1573225417 a prime number?
False
Is 228947759 a prime number?
False
Is 48012176357 prime?
True
Is 290808943 composite?
False
Is 91997692271 a prime number?
True
Is 6828948317 a prime number?
True
Is 648022469 composite?
False
Is 15592180771 a composite number?
False
Is 16781829811 composite?
True
Is 2079165449 a composite number?
False
Is 1116163247 a composite number?
False
Is 3347131001 prime?
True
Is 1361596651 a composite number?
False
Is 28080930499 composite?
True
Is 7793774113 a prime number?
True
Is 92902607 prime?
False
Is 17029670923 a prime number?
True
Is 8823705187 prime?
False
Is 6790764205 a prime number?
False
Is 21126078802 a composite number?
True
Is 26264112403 a composite number?
False
Is 3714562519 a composite number?
False
Is 2675982691 a prime number?
True
Is 936146693 a prime number?
False
Is 3730732619 prime?
False
Is 794971141 a composite number?
False
Is 3117421 composite?
False
Is 2547919105 prime?
False
Is 442887073 a prime number?
True
Is 637780622 prime?
False
Is 49216201 